{"id":60,"date":"2013-03-13T23:26:07","date_gmt":"2013-03-13T21:26:07","guid":{"rendered":"http:\/\/www.mahakarunayoga.de\/WordPress\/?page_id=60"},"modified":"2025-08-19T10:44:22","modified_gmt":"2025-08-19T08:44:22","slug":"kontakt-impressum","status":"publish","type":"page","link":"https:\/\/www.mahakarunayoga.de\/WordPress\/kontakt-impressum\/","title":{"rendered":"Impressum"},"content":{"rendered":"<p>&nbsp;<\/p>\n<p>&nbsp;<\/p>\n<p style=\"text-align: center;\"><a href=\"https:\/\/www.mahakarunayoga.de\/WordPress\/wp-content\/uploads\/2013\/03\/cropped-mahakaruna-logo-800.png\"><img loading=\"lazy\" decoding=\"async\" class=\"wp-image-2595 alignleft\" src=\"https:\/\/www.mahakarunayoga.de\/WordPress\/wp-content\/uploads\/2013\/03\/cropped-mahakaruna-logo-800.png\" alt=\"\" width=\"219\" height=\"220\" srcset=\"https:\/\/www.mahakarunayoga.de\/WordPress\/wp-content\/uploads\/2013\/03\/cropped-mahakaruna-logo-800.png 249w, https:\/\/www.mahakarunayoga.de\/WordPress\/wp-content\/uploads\/2013\/03\/cropped-mahakaruna-logo-800-150x150.png 150w\" sizes=\"auto, (max-width: 219px) 100vw, 219px\" \/><\/a><\/p>\n<h4 style=\"text-align: center;\"><span style=\"color: #000000;\">Text und Layout: \u00d6ser B\u00fcnker<\/span><\/h4>\n<h4 style=\"text-align: center;\"><span style=\"color: #000000;\">Mail: oeser.buenker@posteo.de<\/span><\/h4>\n<p>&nbsp;<\/p>\n<h4 style=\"text-align: center;\"><span style=\"color: #993300;\">Allen, die mich im Laufe der Jahre bei der Gestaltung dieser Webseite in verschiedener Weise unterst\u00fctzt haben, danke ich von Herzen.\u00a0<\/span><\/h4>\n<h4 style=\"padding-left: 40px; text-align: center;\"><\/h4>\n<p>&nbsp;<\/p>\n<hr style=\"padding-left: 40px;\" \/>\n<p>&nbsp;<\/p>\n<p><img loading=\"lazy\" decoding=\"async\" class=\"aligncenter wp-image-108\" src=\"https:\/\/www.mahakarunayoga.de\/WordPress\/wp-content\/uploads\/2013\/03\/QiGongMannekes03-150x150.png\" alt=\"\" width=\"94\" height=\"94\" \/><\/p>\n<p><span style=\"color: #000000;\"><em>Anbieterkennung nach \u00a7 5 TMG<\/em><\/span><\/p>\n<p><span style=\"color: #000000;\">\u00d6ser B\u00fcnker \/ K\u00f6nigstra\u00dfe 12 \/\u00a048291 Telgte \/ Mail: oeser.buenker(at)posteo(dot)de<\/span><\/p>\n<p><span style=\"color: #000000;\"><i>Haftungsausschluss (Disclaimer):<\/i><\/span><\/p>\n<p><span style=\"color: #000000;\">Trotz sorgf\u00e4ltiger Kontrolle \u00fcbernehme ich keine Haftung f\u00fcr die Inhalte externer Links. F\u00fcr den Inhalt der verlinkten Webseiten sind ausschlie\u00dflich deren Betreiber verantwortlich.<\/span><\/p>\n<p>&nbsp;<\/p>\n<hr \/>\n<p>&nbsp;<\/p>\n<p style=\"text-align: left;\"><strong>Datenschutzerkl\u00e4rung<\/strong><\/p>\n<p style=\"text-align: left;\"><strong>Datenschutz<\/strong><br \/>\nDie Betreiber dieser Seiten nehmen den Schutz Ihrer pers\u00f6nlichen Daten sehr ernst. Wir behandeln Ihre personenbezogenen Daten vertraulich und entsprechend der gesetzlichen Datenschutzvorschriften sowie dieser Datenschutzerkl\u00e4rung.<br \/>\nDie Nutzung unserer Website ist in der Regel ohne Angabe personenbezogener Daten m\u00f6glich. Soweit auf unseren Seiten personenbezogene Daten (beispielsweise Name, Anschrift oder E-Mail-Adressen) erhoben werden, erfolgt dies, soweit m\u00f6glich, stets auf freiwilliger Basis. Diese Daten werden ohne Ihre ausdr\u00fcckliche Zustimmung nicht an Dritte weitergegeben.<br \/>\nWir weisen darauf hin, dass die Daten\u00fcbertragung im Internet (z.B. bei der Kommunikation per E-Mail) Sicherheitsl\u00fccken aufweisen kann. Ein l\u00fcckenloser Schutz der Daten vor dem Zugriff durch Dritte ist nicht m\u00f6glich.<\/p>\n<p style=\"text-align: left;\"><strong>Server-Log-Files<\/strong><br \/>\nDer Provider der Seiten erhebt und speichert automatisch Informationen in so genannten Server-Log Files, die Ihr Browser automatisch an uns \u00fcbermittelt. Dies sind:<br \/>\n&#8211; Browsertyp und Browserversion<br \/>\n&#8211; verwendetes Betriebssystem<br \/>\n&#8211; Referrer URL<br \/>\n&#8211; Hostname des zugreifenden Rechners<br \/>\n&#8211; Uhrzeit der Serveranfrage<br \/>\nDiese Daten sind nicht bestimmten Personen zuordenbar. Eine Zusammenf\u00fchrung dieser Daten mit anderen Datenquellen wird nicht vorgenommen. Wir behalten uns vor, diese Daten nachtr\u00e4glich zu pr\u00fcfen, wenn uns konkrete Anhaltspunkte f\u00fcr eine rechtswidrige Nutzung bekannt werden.<\/p>\n<p style=\"text-align: left;\">Quelle: eRecht24<\/p>\n","protected":false},"excerpt":{"rendered":"<p>&nbsp; &nbsp; Text und Layout: \u00d6ser B\u00fcnker Mail: oeser.buenker@posteo.de &nbsp; Allen, die mich im Laufe der Jahre bei der Gestaltung dieser Webseite in verschiedener Weise unterst\u00fctzt haben, danke ich von Herzen.\u00a0 &nbsp; &nbsp; Anbieterkennung nach \u00a7 5 TMG \u00d6ser B\u00fcnker \/ K\u00f6nigstra\u00dfe 12 \/\u00a048291 Telgte \/ Mail: oeser.buenker(at)posteo(dot)de Haftungsausschluss (Disclaimer):\u2026<\/p>\n<p> <a class=\"continue-reading-link\" href=\"https:\/\/www.mahakarunayoga.de\/WordPress\/kontakt-impressum\/\"><span>Continue reading<\/span><i class=\"crycon-right-dir\"><\/i><\/a> <\/p>\n","protected":false},"author":2,"featured_media":0,"parent":0,"menu_order":9,"comment_status":"closed","ping_status":"closed","template":"","meta":{"footnotes":""},"class_list":["post-60","page","type-page","status-publish","hentry"],"_links":{"self":[{"href":"https:\/\/www.mahakarunayoga.de\/WordPress\/wp-json\/wp\/v2\/pages\/60","targetHints":{"allow":["GET"]}}],"collection":[{"href":"https:\/\/www.mahakarunayoga.de\/WordPress\/wp-json\/wp\/v2\/pages"}],"about":[{"href":"https:\/\/www.mahakarunayoga.de\/WordPress\/wp-json\/wp\/v2\/types\/page"}],"author":[{"embeddable":true,"href":"https:\/\/www.mahakarunayoga.de\/WordPress\/wp-json\/wp\/v2\/users\/2"}],"replies":[{"embeddable":true,"href":"https:\/\/www.mahakarunayoga.de\/WordPress\/wp-json\/wp\/v2\/comments?post=60"}],"version-history":[{"count":167,"href":"https:\/\/www.mahakarunayoga.de\/WordPress\/wp-json\/wp\/v2\/pages\/60\/revisions"}],"predecessor-version":[{"id":4928,"href":"https:\/\/www.mahakarunayoga.de\/WordPress\/wp-json\/wp\/v2\/pages\/60\/revisions\/4928"}],"wp:attachment":[{"href":"https:\/\/www.mahakarunayoga.de\/WordPress\/wp-json\/wp\/v2\/media?parent=60"}],"curies":[{"name":"wp","href":"https:\/\/api.w.org\/{rel}","templated":true}]}}